{"id":30678,"date":"2026-04-14T09:55:38","date_gmt":"2026-04-14T08:55:38","guid":{"rendered":"https:\/\/armorka.pl\/?post_type=product&#038;p=30678"},"modified":"2026-04-14T09:57:33","modified_gmt":"2026-04-14T08:57:33","slug":"etui-jollby-shadow-frosted-black-13","status":"publish","type":"product","link":"https:\/\/armorka.pl\/?product=etui-jollby-shadow-frosted-black-13","title":{"rendered":"Etui JOLLBY. Shadow Frosted Black"},"content":{"rendered":"\t\t<div data-elementor-type=\"wp-post\" data-elementor-id=\"30678\" class=\"elementor elementor-30678\" data-elementor-post-type=\"product\">\n\t\t\t\t<div class=\"wd-negative-gap elementor-element elementor-element-823336b e-flex e-con-boxed e-con e-parent\" data-id=\"823336b\" data-element_type=\"container\" data-e-type=\"container\">\n\t\t\t\t\t<div class=\"e-con-inner\">\n\t\t<div class=\"elementor-element elementor-element-d6b96b7 e-con-full e-flex e-con e-child\" data-id=\"d6b96b7\" data-element_type=\"container\" data-e-type=\"container\">\n\t\t\t\t<div class=\"elementor-element elementor-element-856a94d elementor-widget elementor-widget-wd_text_block\" data-id=\"856a94d\" data-element_type=\"widget\" data-e-type=\"widget\" data-widget_type=\"wd_text_block.default\">\n\t\t\t\t<div class=\"elementor-widget-container\">\n\t\t\t\t\t\t\t<div class=\"wd-text-block reset-last-child text-left\">\n\t\t\t\n\t\t\t<h3><b>JOLLBY. Shadow dla Motorola Edge 60<\/b><\/h3><p><b>K<\/b><b>onstrukcja ramy wykonana z <\/b><b>elastycznego<\/b>\u00a0<b>TPU<\/b>, <b>plecki natomiast to p\u00f3\u0142przezroczysty materia\u0142 PC z efektem FROSTED.<\/b><\/p><p><b>Zespolone z ram\u0105 przyciski z TPU<\/b> gwarantuj\u0105 p\u0142ynny, wyczuwalny i precyzyjny\u00a0skok.<\/p><p><b>Podniesione kraw\u0119dzie<\/b> dooko\u0142a ekranu i wyspy aparatu dodatkowo chroni\u0105 to co najcenniejsze w naszym telefonie.<\/p><p><b>Naro\u017cniki etui s\u0105 zaokr\u0105glone i delikatnie wypuk\u0142e<\/b> aby zapewni\u0107 jak najlepsz\u0105 ochron\u0119 dla urz\u0105dzenia.<\/p><p>Wyspa aparat\u00f3w jest zabudowana elastycznym TPU z precyzyjnymi wyci\u0119ciami na szk\u0142a aparat\u00f3w.<\/p><p>To wszystko sprawia, \u017ce etui <b>JOLLBY. Shadow doskonale chroni telefon<\/b>, oraz elegancko wygl\u0105da.<\/p><h3>IDEALNE DOPASOWANIE<\/h3><p>Nasze etui <b>JOLLBY. Shadow<\/b>\u00a0<b>wykonane jest z najlepszych materia\u0142\u00f3w<\/b>.<\/p><p><b>Wszystkie otwory wyci\u0119te s\u0105 idealnie.<\/b><\/p><p><b>Konstrukcja<\/b> elastycznej ramy z <b>TPU<\/b>\u00a0i sztywnego, twardego\u00a0<b>PC na pleckach <\/b>zapewnia doskona\u0142\u0105 ochron\u0119 dla smartfona.<\/p><p>Podniesione kraw\u0119dzie wok\u00f3\u0142 ekranu i aparatu chroni\u0105 najbardziej kosztowne w naprawie elementy telefonu.<\/p><p><b>Konstrukcja elastycznego TPU ze sztywnym i twardym PC z efektem FROSTED.<\/b><\/p>\n\t\t\t\t\t<\/div>\n\t\t\t\t\t\t<\/div>\n\t\t\t\t<\/div>\n\t\t\t\t<\/div>\n\t\t<div class=\"elementor-element elementor-element-8fdf541 e-con-full e-flex e-con e-child\" data-id=\"8fdf541\" data-element_type=\"container\" data-e-type=\"container\">\n\t\t\t\t<div class=\"elementor-element elementor-element-9ce867c elementor-widget elementor-widget-image\" data-id=\"9ce867c\" data-element_type=\"widget\" data-e-type=\"widget\" data-widget_type=\"image.default\">\n\t\t\t\t\t\t\t\t\t\t\t\t\t\t\t<img decoding=\"async\" src=\"https:\/\/armorka.pl\/wp-content\/uploads\/2026\/04\/ETUI-JOLLBY.-SHADOW-BLACK-DO-MOTOROLA-EDGE-60-EDGE-60-FUSION-1.avif\" title=\"\" alt=\"\" loading=\"lazy\" \/>\t\t\t\t\t\t\t\t\t\t\t\t\t\t\t<\/div>\n\t\t\t\t<\/div>\n\t\t\t\t\t<\/div>\n\t\t\t\t<\/div>\n\t\t<div class=\"wd-negative-gap elementor-element elementor-element-87302b8 e-flex e-con-boxed e-con e-parent\" data-id=\"87302b8\" data-element_type=\"container\" data-e-type=\"container\">\n\t\t\t\t\t<div class=\"e-con-inner\">\n\t\t<div class=\"elementor-element elementor-element-ef4b2d6 e-con-full e-flex e-con e-child\" data-id=\"ef4b2d6\" data-element_type=\"container\" data-e-type=\"container\">\n\t\t\t\t<div class=\"elementor-element elementor-element-690990b elementor-widget elementor-widget-wd_text_block\" data-id=\"690990b\" data-element_type=\"widget\" data-e-type=\"widget\" data-widget_type=\"wd_text_block.default\">\n\t\t\t\t<div class=\"elementor-widget-container\">\n\t\t\t\t\t\t\t<div class=\"wd-text-block reset-last-child text-left\">\n\t\t\t\n\t\t\t<p>\u00a0<\/p><h3>Ochrona aparat\u00f3w<\/h3><p><b>Wyspa aparat\u00f3w opr\u00f3cz podniesienia posiada os\u0142on\u0119 z TPU<\/b>, dla poprawy ochrony obiektyw\u00f3w. Wyci\u0119cia s\u0105 precyzyjnie dopasowane do szkie\u0142 obiektyw\u00f3w.<\/p><p><b>JOLLBY. Shadow jest sztywne, solidne i dobrze spasowane.<\/b><\/p><p>Zosta\u0142o zaprojektowana dla jak najlepszej ochrony telefonu przed wszelkimi uszkodzeniami.<\/p>\n\t\t\t\t\t<\/div>\n\t\t\t\t\t\t<\/div>\n\t\t\t\t<\/div>\n\t\t\t\t<\/div>\n\t\t<div class=\"elementor-element elementor-element-a7b8c9b e-con-full e-flex e-con e-child\" data-id=\"a7b8c9b\" data-element_type=\"container\" data-e-type=\"container\">\n\t\t\t\t<div class=\"elementor-element elementor-element-d6a7b45 elementor-widget elementor-widget-image\" data-id=\"d6a7b45\" data-element_type=\"widget\" data-e-type=\"widget\" data-widget_type=\"image.default\">\n\t\t\t\t\t\t\t\t\t\t\t\t\t\t\t<img decoding=\"async\" src=\"https:\/\/armorka.pl\/wp-content\/uploads\/elementor\/thumbs\/ETUI-JOLLBY.-SHADOW-BLACK-DO-MOTOROLA-EDGE-60-EDGE-60-FUSION-2-rlzkyovddpkp8gyvrjw58ltyr6697pnhsurcfu521s.avif\" title=\"ETUI JOLLBY. SHADOW BLACK DO MOTOROLA EDGE 60 EDGE 60 FUSION 2\" alt=\"ETUI JOLLBY. SHADOW BLACK DO MOTOROLA EDGE 60 EDGE 60 FUSION 2\" loading=\"lazy\" \/>\t\t\t\t\t\t\t\t\t\t\t\t\t\t\t<\/div>\n\t\t\t\t<\/div>\n\t\t\t\t\t<\/div>\n\t\t\t\t<\/div>\n\t\t\t\t<\/div>\n\t\t","protected":false},"excerpt":{"rendered":"<p>Wzmocnione w naro\u017cnikach etui dla <strong>Motorola Edge 60.<\/strong><\/p>\n<p>Elastyczna rama, plecki z efektem Frosted, doskona\u0142e dopasowanie.<\/p>\n","protected":false},"featured_media":30689,"template":"","meta":[],"product_brand":[],"product_cat":[118,75,93],"product_tag":[],"class_list":{"0":"post-30678","1":"product","2":"type-product","3":"status-publish","4":"has-post-thumbnail","6":"product_cat-edge-60","7":"product_cat-etui","8":"product_cat-motorola","10":"first","11":"instock","12":"featured","13":"shipping-taxable","14":"purchasable","15":"product-type-simple"},"_links":{"self":[{"href":"https:\/\/armorka.pl\/index.php?rest_route=\/wp\/v2\/product\/30678","targetHints":{"allow":["GET"]}}],"collection":[{"href":"https:\/\/armorka.pl\/index.php?rest_route=\/wp\/v2\/product"}],"about":[{"href":"https:\/\/armorka.pl\/index.php?rest_route=\/wp\/v2\/types\/product"}],"version-history":[{"count":5,"href":"https:\/\/armorka.pl\/index.php?rest_route=\/wp\/v2\/product\/30678\/revisions"}],"predecessor-version":[{"id":30690,"href":"https:\/\/armorka.pl\/index.php?rest_route=\/wp\/v2\/product\/30678\/revisions\/30690"}],"wp:featuredmedia":[{"embeddable":true,"href":"https:\/\/armorka.pl\/index.php?rest_route=\/wp\/v2\/media\/30689"}],"wp:attachment":[{"href":"https:\/\/armorka.pl\/index.php?rest_route=%2Fwp%2Fv2%2Fmedia&parent=30678"}],"wp:term":[{"taxonomy":"product_brand","embeddable":true,"href":"https:\/\/armorka.pl\/index.php?rest_route=%2Fwp%2Fv2%2Fproduct_brand&post=30678"},{"taxonomy":"product_cat","embeddable":true,"href":"https:\/\/armorka.pl\/index.php?rest_route=%2Fwp%2Fv2%2Fproduct_cat&post=30678"},{"taxonomy":"product_tag","embeddable":true,"href":"https:\/\/armorka.pl\/index.php?rest_route=%2Fwp%2Fv2%2Fproduct_tag&post=30678"}],"curies":[{"name":"wp","href":"https:\/\/api.w.org\/{rel}","templated":true}]}}